 units digit of m(k)?
7
Let y(q) = q**3 + 8*q**2 - 5*q - 3. Let l be y(-8). Suppose -z + 73 = 2*p + 3*p, -3*p - 4*z = -l. What is the units digit of p?
5
Suppose -3*s + 4*x - 7 + 45 = 0, 0 = 4*s + 3*x - 34. Suppose 0 = -0*k - k - s. What is the units digit of 14/6 - k/15?
3
Let z(u) = -2*u**3 + 14*u**2 + 2*u + 8. Let l(o) = o**3 - 9*o**2 + o - 2. Let m be l(9). What is the units digit of z(m)?
2
Suppose -2*n + 2*u = n + 2, 0 = -n + u - 1. Suppose n = l + 4*v - 23, -v - 4 = -5*v. What is the tens digit of l?
1
Suppose 0 = -5*t - 5, 3*w - 4*t = -0*w + 49. What is the tens digit of w?
1
What is the tens digit of (-41 + (4 - 5))/(-1)?
4
Let m(y) = -20*y - 1. What is the hundreds digit of m(-11)?
2
Suppose 4*g + g - 20 = 0. Suppose -2*a + 164 = -7*a - g*u, 5*a + 3*u = -168. What is the units digit of (-22)/(-18) - (-8)/a?
1
Let y be (-1)/((1 - -2)/(-72)). Let i = y + -10. What is the tens digit of i?
1
Suppose 5*t - 4*t = -2*f + 17, t - 17 = 3*f. Let n = 48 + -30. Suppose -x + 3*x - t = -3*a, 2*x - 4*a = -n. What is the units digit of x?
1
Suppose 7*t = 2*t - 200. What is the tens digit of (10/8)/((-5)/t)?
1
Suppose -17*g + 420 = -13*g. What is the tens digit of g?
0
Suppose 2*c = i + 89, 0 = -4*c - 2*i + 110 + 80. What is the tens digit of c?
4
Let l(y) be the third derivative of -y**5/60 + y**4/8 - y**3/6 + 2*y**2. Let k be 3*1/3 + 1. What is the units digit of l(k)?
1
Let n = -7 - -4. Let s = n + 9. What is the units digit of 9/s + (-21)/(-2)?
2
Let p = -14 + 17. Suppose -105 = -2*u - p*u. What is the units digit of u?
1
Suppose 3 = 4*g - 1. Let j(k) = 13*k**3 - k**2 + 1. What is the units digit of j(g)?
3
Suppose 5*v = -n + 10, 2*v + 3*n = -5 - 4. Suppose 0*k - 4*k = -12. Suppose v*f - 30 + k = 0. What is the units digit of f?
9
Let v(k) be the second derivative of k**5/20 + 6*k**2 - k. Let d be 22/(-99) + 2/9. What is the tens digit of v(d)?
1
Let m(g) = g**2 + 6*g + 7. Let u be m(-5). Suppose 0 = -u*d + 2. What is the units digit of d?
1
Let x(y) = -y**2 + 3*y - 1. Let z(a) = 2*a**2 - 6*a + 2. Let j(w) = 5*x(w) + 3*z(w). Let v be j(1). Let f(c) = -11*c**3 + 1. What is the tens digit of f(v)?
1
Suppose 0 = 3*a, -s = 3*s - 3*a - 1280. What is the units digit of s?
0
Let t = -3 - -6. Suppose -2*g = t*g - 60. What is the units digit of g?
2
Suppose -4*k + 0*k - 5*n = -10, -3*k + 3*n - 6 = 0. Suppose 5*u - 107 - 13 = k. Suppose -9 = -3*j - 3, 0 = -2*b + 5*j + u. What is the tens digit of b?
1
Let b(v) = 19*v**2 - 2*v - 1. Let s be b(-1). Let g = 7 - 21. Let a = g + s. What is the units digit of a?
6
Suppose 15 = 2*j - 3*y, -5*j + y = -3*j - 13. Let f(a) be the second derivative of -a**4/12 + 7*a**3/6 + 3*a**2/2 + 6*a. What is the units digit of f(j)?
9
Let x be 69/(-2)*10/(-15). Suppose 0 = 5*z - x - 12. Suppose 2*y - p = -4*p - z, 0 = -y + 3*p + 19. What is the units digit of y?
4
Suppose -f + 34 = 4*a - 2*a, a = -f + 16. What is the tens digit of a?
1
Let j be (-242)/(-5) - 6/15. Let i = j + -28. What is the tens digit of i?
2
Let j(f) = -6*f - 6. Let o be j(-4). Suppose 5*r - 12 - o = 0. What is the units digit of 3/(-2)*(-20)/r?
5
Suppose 77 = p + 4*c, 5*c - 224 - 95 = -4*p. Suppose 11*k + 1 - 1 = 0. Suppose 3*m + 24 - p = k. What is the units digit of m?
9
Suppose 0 = -2*i + 5*s + 17, -i - 3*s - s + 2 = 0. What is the units digit of i?
6
Let w(c) = -c. Let r be w(-3). Let u = r - -7. Suppose 16 = 2*x - u. What is the units digit of x?
3
Suppose 4 = -3*c + 5*c. What is the units digit of c?
2
Let f be (1/3)/(3/27). Suppose -f*u + 6 + 54 = 0. Suppose 5*x - u = 5. What is the units digit of x?
5
Let q(k) = -k**3 + 13*k**2 + 16*k + 9. What is the tens digit of q(14)?
3
Suppose 2*c = -0*c - 2*o + 260, -3*c = -3*o - 378. Suppose -w = -5*w + c. Suppose 24 = 3*m - 5*t - 0*t, 0 = -4*m - 5*t + w. What is the units digit of m?
8
Let k(y) = -y**2 + 6*y - 8. Let b be k(7). Let u = b + 28. What is the units digit of u?
3
What is the units digit of 12/9*9/2?
6
Suppose -3*i + 562 = 178. What is the tens digit of i?
2
Let m be 0 - 0/1 - 0. Suppose -3*o + 3*n - 3 = m, 4 = 3*o + n + 3*n. Suppose 3*z + o = 24. What is the units digit of z?
8
Suppose 4*i - 5*c + 16 = 0, 0 = i - 2*c - c + 11. Suppose -h = -i - 7. What is the units digit of h?
8
Let c(j) = j**3 + 3*j**2 - 5*j - 1. Let y be c(-4). Let t be 335/20 - (-2)/8. Suppose -y*b + 7 = -t. What is the units digit of b?
8
Let w(p) = 8*p. Let f be w(3). Suppose -z - 2*z - f = 0. What is the units digit of 1 + 1 - 2 - z?
8
What is the units digit of (6/(-8))/((-24)/64)?
2
Let v(f) = -8*f**3 - 2*f - 5*f**3 + 3*f. What is the units digit of v(-1)?
2
Let y = -2 + 19. Suppose i - y = -0*i. What is the tens digit of i?
1
Let k = -6 - -4. Let y be 1/(k*3/18). Let i(d) = -d**2 - 2*d + 4. What is the units digit of i(y)?
1
Let h(g) = 156*g - 3. What is the units digit of h(1)?
3
Suppose 4*s + 8 = 5*i, 0*i = 4*i + 3*s - 25. Suppose 2*l = -i*m + 9 + 35, -m = -5. What is the tens digit of l?
1
Suppose -34 + 3 = -h. What is the tens digit of h?
3
Let m be (-1 + -2)*19 + -1. Let z = -33 - m. Suppose 4*d + z - 61 = 0. What is the units digit of d?
9
Let v(f) = -f**3 - 26*f**2 + 22*f - 25. What is the hundreds digit of v(-27)?
1
Let n(x) = -2*x - 9. Let d(r) = r**3 - 7*r**2 + 4*r + 6. Let h be d(6). Let s be n(h). Suppose -s*a + 27 = -3. What is the units digit of a?
0
Let o(v) = 2*v**3 + v**2 - v. What is the tens digit of o(2)?
1
What is the tens digit of (-29 - 3)/(-1) + -3?
2
Let r be ((-10)/(-4))/5*126. Suppose 3*d - 4*t + r = 4*d, t = 5*d - 210. What is the tens digit of d?
4
Let z be 108/14 - 6/(-21). Let a be (-2 - z)*(-65)/10. Suppose -7*l - 2*s + a = -2*l, 3*l + 3*s = 39. What is the tens digit of l?
1
Let l(a) = 5*a**3 + 3*a**2 - 17. Let d(j) = 4*j**3 + 4*j**2 - 16. Let n(w) = -6*d(w) + 5*l(w). What is the tens digit of n(9)?
1
Let p(f) = 5*f**3 - 4*f**2 - 2*f + 6. What is the tens digit of p(4)?
5
Let f(i) = -i**3 - 10*i**2 - 4*i + 4. Let c = 2 + -12. What is the tens digit of f(c)?
4
What is the units digit of 2/(15/175 - 2/(-10))?
7
Let k(f) = -f**2 + 6*f - 9. Let y be k(6). What is the units digit of (y/4)/(6/(-32))?
2
Suppose 0*u - 2*u = 20. Let l be (-26)/u + 2/5. Suppose l*x = -2*x + 25. What is the units digit of x?
5
Let p = 50 + -48. What is the units digit of p?
2
Let c(s) = s**2 + 12*s + 13. Let y be c(-11). Suppose 0*h = -y*h + 40. What is the tens digit of h?
2
What is the tens digit of (-8*3/6)/((-1)/12)?
4
Let g be (-18)/36 + (-9)/(-2). What is the units digit of (-4)/(-4)*g*2?
8
Let p(z) be the third derivative of -z**4/12 - 7*z**3/6 - z**2. What is the units digit of p(-6)?
5
Suppose 4*a = -m - 129, 0*m = -2*m - 5*a - 243. Let i = -56 - m. Suppose -9 = 4*y - i. What is the tens digit of y?
1
Suppose -3*s + 3*c = -135, 4*c = -s + 7 + 13. Suppose 5*w - s = w. What is the tens digit of w?
1
Let c(n) = 2*n**2 + 10*n - 9. Let x be c(-6). What is the units digit of x/((-12)/(-8))*25?
0
Let g = -7 + 10. Suppose -12 = -m - g*z, -3*z - 11 = -2. What is the units digit of m?
1
Let r(d) = -d + 6. Let x be r(5). Let a be 1 - x*0/(-2). What is the units digit of a*(-11)/(-2)*2?
1
Let m(q) = -q**3 - 13*q - 13. What is the units digit of m(-6)?
1
Suppose -9 = -m + 2*j + 4, -5*j = 2*m - 62. What is the units digit of m?
1
Suppose 171 = 4*n - 245. What is the tens digit of n?
0
Let g(y) = y**3 + 2*y**2 - y + 2. Let t be g(-2). Let m = 5 + t. What is the units digit of m?
9
Let i(b) = 3*b**2 - 6*b - 35. What is the tens digit of i(8)?
0
What is the units digit of (-6 + 4)/((-1)/5)?
0
Let p = -5 - -3. What is the tens digit of 88/5 - p/5?
1
Let x = -9 - -11. Suppose -37 = -x*q - f, 4*f - 7 = -2*q + 33. What is the tens digit of q?
1
Let x(q) = q**2 + 9*q - 10. Let m(a) = a - 1. Let v(w) = -4*m(w) + x(w). Let k(n) = -n**3 + 2*n - 3. Let g be k(2). What is the units digit of v(g)?
8
Let y(m) = 4*m**2 + m + 1. Let l be y(-1). Suppose 8*t - l*t - 12 = 0. What is the units digit of t?
3
What is the units digit of 44/10 + 24/(-60)?
4
Suppose -6*u - p = -u + 54, 5*u - 4*p + 59 = 0. Let w be 2/4 + u/2. Let z = w - -9. What is the units digit of z?
4
Suppose 4*m - 11 = -111. Let u = m + 38. What is the tens digit of u?
1
Suppose 46*i + 285 = 49*i. What is the tens digit of i?
9
Let a = -25 + 31. What is the units digit of